f (-4 - 0) + (2 - -5)?
3
Evaluate 1 + (0 - -10 - (-22 + 28)).
5
2 - (0 + 6 - 12)
8
What is the value of (3 - 9) + -1 + 14?
7
Calculate 33 + -38 - (0 - -1).
-6
0 + (-1 - 2 - -2)
-1
What is (-4 - -1) + 0 + 2?
-1
What is the value of -3 + 3 - (-1 + 1 + -3)?
3
What is 10 + -8 + (-2 - 0)?
0
What is (-3 - 1) + 2 + 0?
-2
Evaluate -4 - (-3 + 1 + -2).
0
Evaluate -7 - (5 + 6 + -13).
-5
What is the value of (3 - 4 - -1) + (-8 - -10)?
2
Evaluate 1 + 2 + -5 + 4 + -2.
0
What is the value of 4 - ((-10 - -5) + 7)?
2
What is the value of 1 + (-4 - 2) - (4 + -7)?
-2
Evaluate -3 + (-3 - -1) + 7.
2
Evaluate -4 - ((1 + -1 - -1) + 1).
-6
What is -7 + 0 + 1 + 3?
-3
-100 - -95 - ((1 - -1) + -1)
-6
0 - (-1 - ((4 - -2) + -4))
3
Calculate -3 + 3 - (-1 + (2 - 4)).
3
Calculate -4 + (6 - 3) - 7.
-8
Calculate (39 - 45 - (0 + -6)) + -3.
-3
What is -4 + -4 + (9 - 7)?
-6
What is the value of 1 + -1 - (42 + -49)?
7
3 - 2 - (15 + -8)
-6
Calculate 2 + -1 + 5 + 2.
8
10 + -5 + -8 - 0
-3
-6 + -7 + (8 - -3)
-2
-22 - -15 - (1 + -6 + -3)
1
What is the value of (1 - 2 - 7) + 3?
-5
What is -1 - -2 - (-11 - -9) - 1?
2
What is the value of 1 - 1 - (25 - 20)?
-5
What is the value of 1 + -5 - -2 - (2 + -1)?
-3
Evaluate 1 + 2 - (3 - 0 - 4).
4
(0 - -2) + 8 + -11 + -3
-4
Calculate 0 + (-4 - (-3 + 2)) + 2.
-1
What is the value of 9 + -1 - (31 - 28)?
5
Evaluate (20 - 21) + (-2 - -5) - 3.
-1
Evaluate 3 + 0 - 2 - 2.
-1
Calculate 17 + -5 - 5 - 3.
4
Evaluate 14 + (-1 - 7 - -3) + -7.
2
7 + (2 - 4) + -4 - 2
-1
What is the value of (0 - -3) + 4 + (-8 - -4)?
3
What is -1 + 0 + -2 + 0 + 1?
-2
Calculate (1 + -4 - -12) + -15.
-6
-3 - (5 + -7 - (1 - -4))
4
-4 + (-3 - (-1 + (-2 - 3)))
-1
Calculate 0 + 0 - (-6 - (2 - 4)).
4
Evaluate 3 - -2 - ((-9 - -23) + -12).
3
Calculate (-4 - -5 - 0) + 5 + 1.
7
Calculate -3 + (-3 + -1 - -7).
0
What is the value of -3 + 7 + -2 + (-5 - -1)?
-2
Evaluate (-6 - -8) + (0 - -4).
6
Evaluate 1 + 3 + -4 - 3.
-3
Evaluate (-4 - (-7 - 1)) + -5.
-1
What is (-7 - (-2 - 0)) + (96 - 94)?
-3
What is -1 - (-10 + -3 + 6)?
6
What is the value of (17 - 15 - -1) + -3?
0
What is the value of (-7 - 4) + 1 + 4 + 0?
-6
What is -5 + (0 + 3 - (12 + -10))?
-4
5 + (-1 - (3 - -2))
-1
Evaluate -18 - (-6 - 3) - 1.
-10
Calculate -3 + (3 - (-3 - (4 + -3))).
4
Calculate (6 + 0 - 1) + -7.
-2
What is the value of (9 - 4) + -1 + (-3 - -3)?
4
What is the value of 3 + 0 + 16 + -11?
8
-2 - (-5 - (-2 - 3))
-2
Calculate 2 - 0 - (-8 - -15).
-5
-29 - -21 - (-1 + -3) - 7
-11
Evaluate -7 + 12 - (4 - 2 - 4).
7
Evaluate 3 - (-5 + 2 - (-8 - -3)).
1
Evaluate 0 - ((5 + -1 - 4) + -2).
2
Calculate -3 + -2 + (6 - 5) + -2.
-6
Calculate -1 + -1 - (-3 - (0 + -5)).
-4
Evaluate 37 + -34 + 1 + -8 + 0.
-4
What is the value of (-3 - -2) + 0 + 16 + -11?
4
What is (-13 - -12) + 3 + -1?
1
Calculate 6 + (3 - (-5 - -9)).
5
What is 2 + -3 + (-8 - -5) + 2?
-2
Calculate (-1 - 0 - (7 + -7)) + 4.
3
What is 4 + (-2 - 1) + -7?
-6
Evaluate 3 - (13 + -2) - -16.
8
What is (7 - 10 - (4 - -1)) + 7?
-1
-1 + 11 - (14 - 8) - 5
-1
What is the value of 0 + -3 + 3 - 3?
-3
What is the value of 2 + -6 + 4 + -2?
-2
What is the value of -7 + 7 + 3 - 6?
-3
Calculate (-2 - ((4 - 2) + -2)) + 1.
-1
48 - 51 - (1 + -4)
0
Evaluate (-2 - 1) + -8 + 9.
-2
What is 4 - (-3 - (-1 - 4))?
2
-2 + (2 - (-5 - 0))
5
What is -4 + 1 - (-19 + 14)?
2
3 + 5 + -2 + -3
3
Evaluate -2 - (1 - 0) - -3.
0
What is -6 + (6 - (6 + -2))?
-4
Calculate -3 - (-14 - (1 + -7)) - 2.
3
(1 - 3) + 3 + -2 - -5
4
Calculate 1 + -4 + (-3 - (-3 - 5)).
2
Calculate 1 + (0 - -1) - (-8 - -10).
0
What is (-12 - -3) + 6 + 3 + -6?
-6
Calculate -4 + 10 + (-1 - 11).
-6
Calculate 9 - 14 - (-2 + -6).
3
Evaluate -5 + 15 + -1 - 10.
-1
Evaluate (9 - 15) + (0 - -1).
-5
Evaluate 61 + -56 - (-1 + 9).
-3
What is the value of 17 - (-13 - -26) - (-2 - 3)?
9
What is the value of -3 + 5 + -11 + 11?
2
Calculate 1 - (5 - 10) - 11.
-5
What is the value of 11 + -2 + -13 + (0 - 2)?
-6
What is (0 - 4) + (-2 - -6)?
0
Evaluate -6 + 5 + 5 + -6 + 2.
0
What is the value of -5 - (-5 + 6 - 5)?
-1
Evaluate -6 + -2 + (2 - 2) + 3.
-5
Calculate (1 - 0) + 14 + -18.
-3
Calculate -1 + -1 + -1 + 2 + -4.
-5
What is the value of 1 + 2 + -1 + 3 + -1?
4
Evaluate 9 + (-3 - -1 - -2 - 3).
6
What is the value of -5 - ((-2 - -2) + -2)?
-3
Calculate -2 + 1 + -3 + 5 - -4.
5
What is the value of (3 - 0) + -4 + 5?
4
Calculate 4 - (4 + 0 - (38 + -37)).
1
Calculate (-2 - -6) + -7 + 4 - 6.
-5
(0 - -6) + (-70 - -75)
11
What is 2 + -1 + -3 + 5?
3
Evaluate 8 + 3 + -3 - 22 - -5.
-9
Evaluate 1 + -1 + -4 + -1 - -1.
-4
Evaluate -4 - (-12 + 4 - 1).
5
-11 + 8 + 12 + -3
6
-4 + (7 - 5) + 0
-2
Calculate 3 + -1 + -4 - -1 - -2.
1
Evaluate 19 - (-7 + (22 - 3)).
7
What is 0 + 2 + -8 + 8 + -6?
-4
0 + -6 + 4 - (0 + -2)
0
-6 + -1 + 0 + 2 + 3
-2
What is the value of -1 - -6 - (-5 - (11 - 18))?
3
-5 - ((4 - 5) + -1)
-3
Evaluate 33 - 34 - (-6 - 2).
7
What is the value of 2 + (-1 - -2) - (29 - 31)?
5
Evaluate 0 - (-8 - (-6 - -5) - -12).
-5
Calculate 3 - (2 - (2 - (3 - 4))).
4
-8 - (-14 - -6 - -3)
-3
Evaluate 4 + (12 - 10) + -1.
5
What is the value of (1 - 7) + 0 + 5?
-1
What is the value of 6 - (7 - (2 - -4))?
5
Calculate 44 + -46 - (4 - 1).
-5
What is the value of (5 - (0 + 3)) + -1 + -4?
-3
Calculate -5 + (20 + -8 - 5).
2
What is the value of (-3 - (4 - 7)) + -5?
-5
Calculate (-2 - 1) + (-51 - -56).
2
What is 10 - (6 + -1) - 4 - -4?
5
Evaluate 12 + (-9 - (-6 + 5)).
4
Evaluate -2 - (1 + -5 + -1).
3
What is -6 - (3 + -3 - 1 - 2)?
-3
Calculate 12 - 8 - (5 + (-4 - -9)).
-6
Calculate -3 - (1 - -2 - (14 + -13)).
-5
0 + -7 - -21 - 6
8
Calculate 3 + (-2 - (-4 - (1 + -2))).
4
Calculate (-38 - -40) + (-1 - -1) + -4.
-2
What is (-1 - -1) + 2 + (-17 - -11)?
-4
What is the value of -4 + (-3 - -10 - 3)?
0
What is the value of (-4 - -11) + -11 + 4 + 7?
7
What is the value of 8 + (2 - (8 + 7))?
-5
19 + -16 + -2 + 2 + -2
1
Calculate 7 + -2 - (-6 - -18 - 4).
-3
What is (48 - 33) + (-1 - 6)?
8
Evaluate (1 - -2) + -1 - 3.
-1
Evaluate 3 + 5 + -1 + -4.
3
(-11 - -6) + (-1 - -4)
-2
Calculate (3 - 1) + (-2 - -10) + -13.
-3
Calculate 52 + -59 + 9 + -1.
1
Calculate 4 + 0 + 4 - 5.
3
(6 - 1) + (-76 - -76)
5
Evaluate 6 + (14 - 10) + -11.
-1
What is 2 - 7 - (0 - 4)?
-1
Evaluate -3 + 2 - 3 - -1.
-3
(15 + -23 - 6) + 9
-5
Evaluate 10 - (-6 + (8 - 5) + 4).
9
-6 + 7 + -3 + 0
-2
What is (-10 - (-18 + 5)) + (-1 - 0)?
2
Calculate 17 + (-3 - 5) + -15.
-6
0 + -1 + -4 - -5
0
Evaluate -4 - (-6 - (-4 - 1 - -4)).
1
What is the value of 10 + -4 + (-3 - 1) + 0?
2
(0 + -4 - 2) + (-237 - -240)
-3
Evaluate -15 - (-13 + 3 + -1).
-4
Evaluate -7 - (-3 + 1 + -7).
2
What is (-30 - -30) + (-3 - -2) + 2?
1
What is the value of 4 + (6 - (10 - -3))?
-3
What is -4 + (17 - 7) - 1?
5
Evaluate (-12 + 10 - (-6 + -1)) + -4.
1
Evaluate 2 + -4 + (0 - (-10 + 3)).
5
What is 0 + -2 - (1 - 11)?
8
Evaluate 10 - (-12 - -21) - (0 + 2).
-1
Calculate 4 + -1 + 54 + -51.
6
2 + -8 + 2 + 6
2
Calculate -2 + 1 + -2 + 4 + -6.
-5
What is the value of (6 - -9) + -5 + -8?
2
Evaluate -3 + -27 + 44 + 2 + -9.
7
Evaluate (-2 - (0 - -4 - 3)) + 3.
0
What is 0 + -2 - -3 - 6?
-5
Evaluate 3 + 1 + -5 + 0 - 3.
-4
Calculate -80 - -88 - (-1 + 10).
-1
Calculate -5 + (6 - 12 - -15).
4
What is -5 + (0 - -2) + -3 - -8?
2
(3 - 15) + -2 - -13
-1
What is the value of (-5 - 4) + 10 + 2 + -1?
2
What is -5 + 6 - (0 - 0)?
1
-5 + 0 - ((-2 - 4) + 7)
-6
What is -6 + 15 + -3 + -4 + -4?
-2
-7 + 10 - (5 + -2)
0
Calculate -1 + (9 - 11 - -5).
2
Evaluate -11 + 15 - ((5 - -1) + -2).
0
Evaluate 4 - 2 - (-18 - (-15 + -8)).
-3
5 + 7 + -1 + (0 - 6)
5
Evaluate -4 - (25 - 26 - (0 - -1)).
-2
Evaluate (6 - 3) + 0 - (-1 + 4).
0
What is (13 + 1 - 20) + 6 + 0?
0
What is the value of -5 + 1 - -1 - -3?
0
Calculate (-15 - (-4 + -5)) + -1 + 2.
-5
Calculate 1 + -1 - (-36 + 40).
-4
What is 0 + 0 - (-7 + 7)?
0
-6 + (6 - -7) - (16 + 0)
-9
What is 0 - (-7 + -4 + 12)?
-1
9 + (-10 - (-2 + -1))
2
Evaluate 3 + -7 + (0 - 4) + 9.
1
Calculate 62 - 60 - (-6 + (0 - -1)).
7
Evaluate 1 + -5 + (3 - 8) + 7.
-2
What is 5 + (0 - 6) + 0 + 3?
2
What is the value of (9 + -1 - 1) + 2 + -3?
6
Evaluate 3 + 1 + -5 + 2.
1
(-3 - 2) + 0 + 5
0
6 + 4 + 4 + -14
0
What is the value of (20 - 22) + (-1 - (-1 - -1))?
-3
What is (-3 - -5 - 6) + 5 - -1?
2
What is the value of 3 - (4 + -2) - (-5 + 1)?
5
What is the value of 10 + (-21 - -10) - -7?
6
Evaluate